a - 2*h. Let w = a + -9. List the prime factors of w.
13
Suppose -6 = -3*s, 5*j - 3*j - s = 74. List the prime factors of j.
2, 19
Suppose 4*t - 295 = 101. Suppose t = -f + 4*f. What are the prime factors of f?
3, 11
Let s be 5/(-2)*(-16)/20. Suppose 10 = q + i, 3*q - 5 = s*q + 4*i. List the prime factors of q.
3
List the prime factors of -2*(-1)/(-5)*-135.
2, 3
Suppose -43 = -4*t - 0*t - 3*c, 0 = -5*t - 2*c + 59. List the prime factors of t.
13
Let i = -430 - -691. List the prime factors of i.
3, 29
What are the prime factors of ((-4)/3)/((-3)/108)?
2, 3
Suppose y + 3*d = 5, y - 2*d = -d + 25. List the prime factors of y.
2, 5
Let b(l) = -6*l - 9. Suppose k - 16 = 5*m + 2, -2*k = -2*m - 4. List the prime factors of b(m).
3, 5
Suppose -2*b + 5 = -w + 2, 5*w + 4*b + 1 = 0. What are the prime factors of (w + 2)*(15 + 4)?
19
Suppose -t - 6*s + 3*s + 21 = 0, 5*s = -10. Let o = -10 + t. What are the prime factors of o?
17
Let h(y) = -y**2 - 11*y + 24. List the prime factors of h(-10).
2, 17
Suppose 6 = -2*i - 0. Let o = i + -9. List the prime factors of (2/(-3))/(1/o).
2
Let i(t) = -t + 13. What are the prime factors of i(5)?
2
Let s be -27*1 - (1 - -2). Let l = s + 45. What are the prime factors of l?
3, 5
Let n be 1*(1 + 2) - 1. List the prime factors of 0 + 9 + -1 + n.
2, 5
Suppose 5*t = -26 + 266. What are the prime factors of t?
2, 3
What are the prime factors of (17/2)/(11/22)?
17
Let u(l) = -4*l. Let g(s) = -s - 1. Let o(j) = -g(j) - u(j). List the prime factors of o(2).
11
Let k = -8 + 13. Suppose 0*h = 4*l + h - 29, 0 = -3*l + k*h + 16. What are the prime factors of l?
7
Let s be -4 + 5/((-5)/2). List the prime factors of (-2 + 3)/((-2)/s).
3
Suppose -3*n = -7 + 1. Let p(o) = 8*o**n - o**3 + 4*o**3 + 3 - 2*o**3. List the prime factors of p(-8).
3
Suppose -4*a = 5*n - 762, 6*a = 2*a - 3*n + 758. List the prime factors of a.
2, 47
Let p be -5*(-1)/(-5)*-4. Let m be ((-6)/(-9))/((-3)/(-54)). Suppose 3*r + m = p*r. What are the prime factors of r?
2, 3
Let i = 592 - 1056. List the prime factors of (3/(-12))/(4/i).
29
Suppose 10 = -j + 6*j. Let l(x) = x. Let b be l(6). Let n = b + j. What are the prime factors of n?
2
Let k be (-14)/18 + 6/(-27). List the prime factors of 32/12*(-6)/k.
2
Suppose 3*p - 14 - 1 = 5*h, -4*p + 6 = -2*h. Let s = p - 24. List the prime factors of (s/(-3))/(-1 + 2).
2
Let w(p) = p**3 + 13*p**2 - 16*p + 3. What are the prime factors of w(-14)?
31
Suppose -2 - 10 = -3*t. Suppose -5*p + 3*g = -221, 5*p - 6*g = -t*g + 219. What are the prime factors of p?
43
Let h be (-1 - -2) + 4 + 26. Suppose -15 = -4*l + 4*u - 7, h = 5*l + 2*u. Suppose 2*r - 21 = -r - 5*a, l*r - 69 = 3*a. List the prime factors of r.
2, 3
Let o(q) = -q**3 - 8*q**2 - 6*q + 9. Let b be o(-7). Let y(w) = w + 0*w - 1 + w**b + 0. What are the prime factors of y(3)?
11
Suppose 2*g - 2 = 4*k + 2, 5*k - 5*g = 0. Let c(u) be the third derivative of -u**6/120 + u**5/60 + u**4/24 + u**3/3 + 17*u**2. List the prime factors of c(k).
2, 3
Let w(o) = 5*o**2 + 2*o - 5. What are the prime factors of w(2)?
19
List the prime factors of ((-3)/2)/(4/(-152)).
3, 19
Let c(n) = 101*n - 4. List the prime factors of c(1).
97
Suppose 0 = 3*z - 252 - 105. List the prime factors of z.
7, 17
Suppose -2*f + 12 = d, -4*f + 2*f - 3*d = -8. Let l(y) = -y**3 + 8*y**2 - 4*y - 9. List the prime factors of l(f).
2, 3
Suppose -2*x - d + 2*d = -7, 3*x - 5*d - 14 = 0. Suppose -5*z - 15 + x = 4*n, -2*z - 16 = 3*n. Let t = 15 + n. What are the prime factors of t?
7
Let y = 141 + -93. What are the prime factors of y?
2, 3
Suppose -2*j + 8 + 0 = 0. Suppose -4*a = p + 16, -p - 2*a = 10 - j. List the prime factors of p.
2
Let t(q) be the third derivative of -q**4/24 - q**3/6 + 2*q**2. Suppose v + h = 6*h - 27, -25 = 3*v - h. List the prime factors of t(v).
2, 3
Let c be 12/5 - (-4)/(-10). Let q = -2 + c. Suppose 0*x + 3*x - 7 = -j, 3*j - 5*x - 7 = q. What are the prime factors of j?
2
Let s(n) = 2*n - 6. Let x be s(5). Let k = -6 - -8. What are the prime factors of x + -1*k*-1?
2, 3
List the prime factors of (-22)/(25/9 - 3).
3, 11
Let t(v) = -50*v - 2. What are the prime factors of t(-3)?
2, 37
Let q = -6 - -12. Suppose 0 = 2*a - q*a + 136. What are the prime factors of a?
2, 17
Let l(c) = -c**2 + 8*c - 6. Let g be l(6). Let y(z) = -z**2 + 9*z - 3. What are the prime factors of y(g)?
3, 5
Let t = -10 + 12. List the prime factors of (-13)/(-4)*(t + 2).
13
Suppose -2*u = -3*u + 4*f - 6, -2*f = -8. Suppose u = i + w, -3*i + 0*w = -2*w - 45. What are the prime factors of i?
13
What are the prime factors of (-582)/(-10) - (-8)/(-40)?
2, 29
Let h(z) = 5*z - 1. What are the prime factors of h(12)?
59
Let l(z) = -z**3 + 4*z**2 + z - 2. Let r be l(4). Suppose 30 = 3*b + u - 2*u, -r*u = b - 17. Suppose 0 = 2*w - 3 - b. List the prime factors of w.
7
Let g(x) = -x - 5. Let t = -9 - -4. Let z be g(t). Suppose 2*c - 7 - 1 = z. What are the prime factors of c?
2
Let c be 2/(-4)*-2*-13. Let w be (c - 1)*(-2 - -1). Suppose -5*u - w = -79. List the prime factors of u.
13
Let j = 56 + -37. List the prime factors of j.
19
Suppose -25 = -8*d + 7*d. What are the prime factors of d?
5
Suppose 2*g - 38 = 2*l, 5*l - 3*g + 67 = -22. What are the prime factors of (42/4)/((-12)/l)?
2, 7
Suppose 2*k + 14 = 6*k + 2*u, 3*k - u = 8. Suppose -77 = -k*y + 4*x, -5*y - 4*x = -0*y - 107. List the prime factors of y.
23
Let j(i) be the second derivative of i**5/20 - 7*i**4/12 + 2*i**3/3 + 3*i**2/2 + 6*i. List the prime factors of j(7).
31
Suppose 0 = 2*t - 4*t. Let d = t + 4. Let v = 21 - d. List the prime factors of v.
17
Let h(o) = -2*o. Let y be h(-2). Suppose 33 = y*f - 51. What are the prime factors of f?
3, 7
Suppose 0 = 2*t - 84 + 20. Let k be (6/4)/(6/t). What are the prime factors of (-4)/k*23*-2?
23
Let w = 33 - 48. Suppose 0*r + 130 = 5*r. Let i = r + w. What are the prime factors of i?
11
Let f = 6 + 1. Suppose 0*n - 4 = -4*n. Suppose n - f = -g. List the prime factors of g.
2, 3
Let z(g) = 3*g**2 + 3*g - 1. List the prime factors of z(-3).
17
Suppose -5*j + 0*j = 0. Suppose j = -0*c - 2*c + s + 10, -3*c - 5*s = -15. Suppose 4*w = c + 15. List the prime factors of w.
5
Suppose -20 = -2*m + 2*n, -m - 3*m + 43 = -5*n. Suppose -m = -x + 9. List the prime factors of x.
2
Suppose 11 = 2*t - 9. Suppose 3*b + 3*i - 42 = 0, 3*b - t = 2*i + 27. What are the prime factors of b?
13
Suppose -2*l - 8 = 2*l, 5*b - 5*l + 110 = 0. List the prime factors of (-5)/((-15)/(-9)) - b.
3, 7
Let a be 6*(6/4 + 0). Suppose -5*u = -3*u + 5*t - a, -3*u - 3*t + 9 = 0. What are the prime factors of u?
2
Let g = -3 - -5. Let b(i) = -i**3 + 2*i**2 - 2*i + 2 + 3*i**2 - g*i**2. List the prime factors of b(2).
2
Let z(j) = -6*j**3 - j**2 - j - 1. List the prime factors of z(-3).
5, 31
Let f(z) = -5*z**2 + 6. Let m(w) = 14*w**2 - 17. Let a(r) = 11*f(r) + 4*m(r). List the prime factors of a(2).
2
Let t(v) = -2*v**3 - 3*v**2 + 4*v + 1. Let c be t(-3). Let k = 19 + c. What are the prime factors of k?
5, 7
Suppose 6 = 2*q - 0*q - 3*v, -3*q + 22 = 2*v. What are the prime factors of q?
2, 3
Suppose 3*s - 103 = 17. List the prime factors of s.
2, 5
Let n(f) = f + 1. Let r(o) = 2*o + 4. Let k(x) = -n(x) + r(x). Let j(a) = -a. Let u(h) = 2*j(h) - k(h). List the prime factors of u(-4).
3
List the prime factors of (2 - 6) + -7 + 89.
2, 3, 13
Suppose 7*n + 44 = 9*n. List the prime factors of n.
2, 11
What are the prime factors of (7/2)/((-2)/(-12))?
3, 7
Let j = -11 + 15. Suppose v + j*v - 55 = 0. What are the prime factors of v?
11
Suppose -3*p = -m - 197, 310 = 2*p + 3*p + 2*m. List the prime factors of p.
2
Let k(x) = -8*x**2 - 1. Let s be k(-1). Let j = s - -25. List the prime factors of j.
2
Suppose -3*r = 2*p - 42, -2*r + 6 = 2*p - 38. Suppose 0 = -2*b + 5*y + 19, 0 = -5*b + y - 3*y + 4. Suppose -t + p = b*t. What are the prime factors of t?
2
Suppose 11*i - 974 - 291 = 0. List the prime factors of i.
5, 23
Let c be (-1)/1 + 0 - -6. Let w(z) = z**3 - 5*z**2 - 3*z + 7. Let q be w(c). Let a = 11 + q. What are the prime factors of a?
3
Suppose 2*l - 15 = 7*l. Let p be (5/l)/(1/3). Let n = p - -7. List the prime factors of n.
2
Let y(s) = -s - 13. Let c be y(-9). Let h = c - -6. What are the prime factors of h?
2
Let o be 1*-2*(-10)/4. Suppose v + 5*r - 9 - 13 = 